 - z. Is g composite?
False
Suppose 9 = 3*l, -2*l + 2 - 6 = 5*q. Is 1*(4 - (q + (-1 - 1810))) prime?
False
Is ((-8403664)/48 - 5)*(0 + 6/(-8)) a composite number?
False
Let f(i) = i**3 - 2*i**2 + 2*i + 1039. Let o be (0 + 0)*2*(-2)/(-8). Is f(o) prime?
True
Let k(a) = 11*a**3 + 3*a**2 + 25*a - 404. Is k(21) composite?
True
Let n = -40 - -45. Suppose -4 = 3*v + n, -2*v - 10 = -2*g. Is (-1)/(g/(-194) + 0) a prime number?
True
Let y = -13103 + 311386. Is y prime?
True
Let n(v) = 4*v**3 - v**2 - v + 1. Let l be n(1). Suppose -3101 = -5*q + k + 3388, 3*q = k + 3893. Suppose -l*o = -5*o + q. Is o a composite number?
True
Let u(g) = -g**2 + 5*g - 3. Let b(x) = -5*x - 6. Let v be b(-2). Let n be u(v). Is ((-20)/(-16) - n) + (-4422)/(-8) prime?
False
Let z = 288100 + -116109. Is z a composite number?
True
Suppose 13*p - 5082 = 10*p. Let g = 2463 - p. Is g prime?
True
Let i = 17 + -10. Let c(t) = 2*t**3 - 13*t**2 - 6*t. Let k be c(i). Suppose -k*v = -3*v + 2*x - 10048, -3*v + 3*x + 7545 = 0. Is v composite?
True
Let l = -45 + 54. Suppose -l*k + 7 - 34 = 0. Is ((-20653)/38)/(((-6)/(-4))/k) a composite number?
False
Let u = -192 + 124. Let q = -61 - u. Suppose q*s - 1962 = s. Is s a prime number?
False
Let x = 53999 + 325890. Is x a prime number?
True
Let m(r) = 866628*r - 60. Let g be m(1). Suppose 10*l = -14*l + g. Is l a prime number?
True
Let u = 272 - 267. Suppose -2*t = -s + t + 8776, 0 = u*s + 4*t - 43899. Is s composite?
False
Let a(d) be the second derivative of -d**5/5 - d**4/4 + 2*d**3/3 - 5*d**2 + 19*d. Suppose -4*i - 18 = -2*l, 0*i + i - 2*l + 3 = 0. Is a(i) prime?
False
Let g(p) = 5*p - 812. Let d be g(0). Let x = d - -7617. Is x a composite number?
True
Is 3*1*10*54311/30 prime?
True
Suppose 3*q = -d + 83, 4*q + 20 = -0*q. Let b = d + -185. Let a = 124 + b. Is a a composite number?
False
Suppose 23*p = 5*z + 41945384, -47*z - 5471151 = -3*p - 51*z. Is p a composite number?
False
Let u be 21 - (-1)/3*(-14 + 5). Suppose -24*h + 16602 = -u*h. Is h a prime number?
True
Is (10/(-5))/(-2)*967557/3 a prime number?
True
Suppose -4*j + 3*j - 4*s = -10, 2*j + 6 = 5*s. Suppose -2*p - 3*p + 4*b = -55305, 22145 = j*p + 3*b. Is p a prime number?
False
Let m(o) = 280*o + 24. Let j(k) = 139*k + 12. Let f(x) = 7*j(x) - 3*m(x). Let t be f(8). Suppose g - t = -5*p + 2290, 2694 = 4*p + 2*g. Is p a composite number?
False
Let f = 236148 - 64147. Is f prime?
True
Let n(l) = -10*l - 348. Let p be n(-33). Suppose -2*s + 85 - 389 = 0. Let b = p - s. Is b a composite number?
True
Let d = -33914 - -184201. Is d a prime number?
True
Let z = -77 + -76. Let i = 455 + z. Is (i/(-8) + 6)/((-1)/4) a composite number?
False
Let x(f) = 2036*f**2 - f + 12. Is x(13) composite?
False
Let u(g) = -g**3 + 9*g**2 + 16*g - 14. Let n be u(10). Let r = n - 44. Suppose 0 = -3*h + r*z + 2141, 5*h - 3330 = -z + 260. Is h a prime number?
False
Suppose 7*x = 906 + 3105. Suppose 0 = -3*f + 6*f + 5*r - 2861, -2*r - 4820 = -5*f. Suppose 5*b - f = x. Is b composite?
False
Let g = -178 - -180. Suppose 5*h = 2*j + g*j - 41765, -4*h = -5*j + 52213. Is j a composite number?
True
Let r = -115 + 119. Suppose 0 = 3*l - 0 - 6, -r*s + 15276 = 4*l. Is s prime?
False
Let p(d) = d**2 + 14*d + 20. Let v be p(-12). Is v - (5 - 5) - -16257 a composite number?
False
Is 13 + -7 + 31131 + (-32)/4 prime?
False
Suppose 0 = -3*s - 3 - 6, -3*d + 4*s + 735 = 0. Suppose -23235 = -246*v + d*v. Is v prime?
False
Suppose 5*o + 803 = 12108. Suppose o = -10*j + 17*j. Is j a composite number?
True
Suppose -57*o + 7035873 + 1568790 = 0. Is o a composite number?
False
Suppose 2*n - 1915464 - 1639144 = 3*r, 0 = 4*n - 4*r - 7109228. Is n composite?
False
Let p(t) = -t**3 - 32*t**2 - 86*t + 41. Let c be p(-29). Let h(l) = 180*l - 101. Is h(c) prime?
False
Let m = -6451 + 19712. Is m a composite number?
True
Let n = 25097 - 17892. Is n/4 + 5 + 189/(-36) composite?
False
Let r = 179755 - 98484. Is r a composite number?
True
Let l = -35 - 872. Suppose 5*i + 4*a - 3344 = 3*i, 4*i = -a + 6702. Let h = l + i. Is h prime?
True
Let v(g) = -g**2 + 96*g + 37. Is v(18) prime?
False
Is (-1008083)/(-85) - (-2 + 12/15) composite?
True
Suppose -22*x = -12*x - 343190. Let h = 55080 - x. Is h prime?
False
Let g(k) = 10*k**2 + 177*k + 34. Is g(-53) a composite number?
False
Suppose 8*r - 6*r = 32956. Suppose 12*y - 5*y - r = 0. Suppose -4*l = -842 - y. Is l a composite number?
True
Suppose -14*i + 4*i - 177680 = 0. Let u = i - -25635. Is u composite?
False
Is (-363)/(-1331) - 2648156/(-22) composite?
False
Let q = 18753 - -13961. Suppose q = 7*f + 4*f. Is f composite?
True
Let g be (-40742)/(-10) + (-10)/75*-6. Suppose g = -35*x + 16185. Is x a prime number?
False
Suppose -2*p - 3*c + 26 = 0, 3*c + 14 = 6*p - 4*p. Is (-12)/p*(-325805)/51 a prime number?
False
Let d = -62 + 67. Suppose -4*b = -5*v + 7 + 7, -d*b = 5*v - 5. Suppose 4*z = 5*z - v*q - 329, 2*q = -z + 309. Is z prime?
False
Let f = 34597 + -21479. Let x = f + -345. Is x composite?
True
Let w = -62 - -65. Let t be (-3 - (-2447)/4)*(w - -1). Is ((-12)/15)/((8/t)/(-4)) a composite number?
True
Let k(d) = d**2 - 19*d + 40. Let c be k(16). Let h(f) = f**2 + 7*f - 5. Let l be h(c). Suppose 3*t + 6 = 0, 4*q - l*t = -2*t + 894. Is q prime?
True
Suppose 6*c = m + 2534712, -c + 74*m = 71*m - 422435. Is c a composite number?
False
Suppose -h - 16 = -3*k + h, -3*h - 21 = -3*k. Suppose k*u - p + 2*p = 3, 0 = 3*u - 4*p + 12. Suppose u = 8*c - 5*c - 111. Is c a composite number?
False
Let u = 1966403 - 1186308. Is u prime?
False
Is (16063825/30)/(-29)*-6 a composite number?
True
Let n be 19 + -25 - (3 + 5436). Is n/(-12) - ((-125)/20 + 7) a prime number?
False
Let g be 51/18 - 2/(-12). Let z(w) = 23*w**2 + 4 - g*w - 17*w**2 + 28*w**2. Is z(-5) a prime number?
False
Let f = 550 + -559. Let m = -21 - -14. Is (-2154)/f*m/4*-6 composite?
True
Suppose 0 = 2*d + 16*d + 162. Is (d - 230/(-25))/((-1)/(-9865)) a prime number?
True
Let p(w) = 28*w - 4. Let l be p(5). Let k = 198 - l. Let y = 417 + k. Is y a composite number?
False
Let p be (-1*46/1)/2 + -4. Let a(i) = -4*i - 60. Let s be a(p). Suppose 106 = x + s. Is x prime?
False
Let a(t) = -1106*t**3 + 27*t**2 + 76*t - 2. Is a(-5) a prime number?
False
Let h be (-30144)/168 + 8/(-14). Is (-4)/(-18) + 10/(h/(-1172966)) a prime number?
False
Let h = 121889 - 32136. Is h composite?
False
Let s = 1179 + 5193. Is s*2 + 1/1 composite?
True
Let r = -42 + 46. Suppose -3*b + 4*v = -7*b - 1688, v = -r*b - 1673. Let p = b + 724. Is p a composite number?
False
Is 5 - 1920945/(-90) - (-2)/12 prime?
False
Suppose 0 = 708*s - 732*s + 702264. Is s composite?
True
Let x be 28*(0 + 59/2). Suppose 49*u - 320 = 17*u. Suppose -u*d = -x - 1224. Is d a prime number?
False
Suppose -297*p - 820779 = -338*p. Is p composite?
True
Suppose -2 - 24 = 26*y. Is (0 + 2)/(y - (-28492)/28484) a prime number?
True
Let c = 42428 + -18881. Let q = c - 13670. Suppose 22*x - 15*x - q = 0. Is x prime?
False
Suppose 38*g - 182034 = 13*g - 44059. Is g a composite number?
False
Let u(n) = n**3 + 6*n**2 + 20. Let i be u(-6). Is (2 + i/(-8))*-7738 a prime number?
False
Let m = -5 - -6. Suppose 6*a - 13 = -m. Suppose 5*b = -a*c + 323, 5*c = -b - 4*b + 320. Is b a prime number?
False
Suppose 11*g - 10*g = 3*o - 958, -3*o = -3*g - 2874. Let b = 2859 + g. Is b prime?
True
Let v(f) be the third derivative of -f**4/12 + 7*f**3/3 + 17*f**2. Let m be v(7). Suppose m = 2*a - a - 259. Is a a prime number?
False
Let k(s) be the third derivative of -181*s**4/12 - 119*s**3/6 - 32*s**2. Is k(-6) prime?
True
Suppose 4*j = x - 139797, 0 = -0*j + 5*j - 5. Is x a composite number?
False
Let j(x) = 8*x**3 - 11*x**2 - 27*x + 5. Let s be j(-4). Let o = 822 - s. Is o prime?
False
Suppose 0 = -2*g - g + 2514. Let t(n) = 4*n**2 + 4*n + 5. Let f be t(-1). Suppose 0 = -i + 4*o + 95, f*i + o + 279 = g. Is i composite?
True
Suppose 0 = 87*y - 647841 - 652896. Is y a composite number?
False
Suppose 28686 = 27*p - 20*p. Suppose -15*t + s = -11*t - 8214, -2*t - 4*s = -p. Is t prime?
True
Suppose 2*g + 34878 = 2*k, 6*k = 9*k - g - 52317. Suppose 22*d - k = 19*d. Is d prime?
True
Is (-111)/(-185) - (-46672)/5 a prime number?
False
Let w = -213670 + 361371. Is w a prime number?
False
Let p be (-4 + 7)*-2 - -10. Suppose x - 23459 